{"id":992,"date":"2024-06-19T10:01:09","date_gmt":"2024-06-19T08:01:09","guid":{"rendered":"https:\/\/mollavekst.no\/?page_id=992"},"modified":"2026-03-26T10:23:16","modified_gmt":"2026-03-26T09:23:16","slug":"arbeidsinkludering","status":"publish","type":"page","link":"https:\/\/mollavekst.no\/?page_id=992","title":{"rendered":"Arbeidsinkludering"},"content":{"rendered":"<p>[et_pb_section fb_built=&raquo;1&#8243; _builder_version=&raquo;4.25.2&#8243; _module_preset=&raquo;default&raquo; global_colors_info=&raquo;{}&raquo;][et_pb_row column_structure=&raquo;3_4,1_4&#8243; custom_padding_last_edited=&raquo;on|phone&raquo; _builder_version=&raquo;4.25.2&#8243; _module_preset=&raquo;default&raquo; custom_padding=&raquo;4%|16%||16%|false|true&raquo; custom_padding_tablet=&raquo;|1%||1%|false|true&raquo; custom_padding_phone=&raquo;|1%||1%|false|true&raquo; global_colors_info=&raquo;{}&raquo;][et_pb_column type=&raquo;3_4&#8243; _builder_version=&raquo;4.25.2&#8243; _module_preset=&raquo;default&raquo; global_colors_info=&raquo;{}&raquo;][et_pb_text _builder_version=&raquo;4.25.2&#8243; _module_preset=&raquo;default&raquo; text_font_size=&raquo;27px&raquo; text_line_height=&raquo;1.3em&raquo; text_font_size_tablet=&raquo;27px&raquo; text_font_size_phone=&raquo;20px&raquo; text_font_size_last_edited=&raquo;on|desktop&raquo; global_colors_info=&raquo;{}&raquo;]<\/p>\n<p><strong>M\u00f8lla <\/strong>er en arbeids- og inkluderingsbedrift som leverer tjenester til NAV og Froland Kommune. Vi hjelper folk med \u00e5 komme i jobb og gir muligheter til \u00e5 delta i samfunnet gjennom arbeid og aktivitet. Vi fokuserer p\u00e5 oppgaver som gir utvikling, mestring og glede. V\u00e5rt m\u00e5l er \u00e5 finne varige l\u00f8sninger som fungerer godt b\u00e5de for deltakerne og samfunnet.<\/p>\n<p>[\/et_pb_text][\/et_pb_column][et_pb_column type=&raquo;1_4&#8243; _builder_version=&raquo;4.25.2&#8243; _module_preset=&raquo;default&raquo; global_colors_info=&raquo;{}&raquo;][et_pb_image src=&raquo;https:\/\/mollavekst.no\/wp-content\/uploads\/2024\/06\/vi-har-laerling.png&raquo; title_text=&raquo;vi-har-laerling&raquo; _builder_version=&raquo;4.25.2&#8243; _module_preset=&raquo;default&raquo; custom_padding=&raquo;9%||9%|11%|true|false&raquo; custom_padding_tablet=&raquo;|26%||26%|true|true&raquo; custom_padding_phone=&raquo;10%|13%|10%|13%|true|true&raquo; custom_padding_last_edited=&raquo;on|tablet&raquo; global_colors_info=&raquo;{}&raquo;][\/et_pb_image][\/et_pb_column][\/et_pb_row][et_pb_row column_structure=&raquo;1_2,1_2&#8243; custom_padding_last_edited=&raquo;on|phone&raquo; _builder_version=&raquo;4.27.6&#8243; _module_preset=&raquo;default&raquo; width=&raquo;100%&raquo; module_alignment=&raquo;center&raquo; custom_margin=&raquo;||||true|false&raquo; custom_padding=&raquo;3%||6%||false|false&raquo; custom_padding_tablet=&raquo;3%||3%||true|false&raquo; custom_padding_phone=&raquo;0%||0%||true|false&raquo; hover_enabled=&raquo;0&#8243; global_colors_info=&raquo;{}&raquo; sticky_enabled=&raquo;0&#8243;][et_pb_column type=&raquo;1_2&#8243; _builder_version=&raquo;4.25.2&#8243; _module_preset=&raquo;default&raquo; global_colors_info=&raquo;{}&raquo;][et_pb_text _builder_version=&raquo;4.27.6&#8243; _dynamic_attributes=&raquo;link_option_url&raquo; _module_preset=&raquo;default&raquo; text_font=&raquo;|300|||||||&raquo; text_text_color=&raquo;#FFFFFF&raquo; text_font_size=&raquo;30px&raquo; text_line_height=&raquo;0.4em&raquo; background_color=&raquo;#201547&#8243; text_orientation=&raquo;center&raquo; custom_margin=&raquo;3%|11%|3%|11%|true|true&raquo; custom_margin_tablet=&raquo;|14%||14%|true|true&raquo; custom_margin_phone=&raquo;|14%||14%|true|true&raquo; custom_margin_last_edited=&raquo;on|tablet&raquo; custom_padding=&raquo;34%|0%|34%|0%|true|true&raquo; custom_padding_tablet=&raquo;32%||32%||true|true&raquo; custom_padding_phone=&raquo;32%||32%||true|true&raquo; custom_padding_last_edited=&raquo;on|tablet&raquo; link_option_url=&raquo;@ET-DC@eyJkeW5hbWljIjp0cnVlLCJjb250ZW50IjoicG9zdF9saW5rX3VybF9wYWdlIiwic2V0dGluZ3MiOnsicG9zdF9pZCI6IjEwMDIifX0=@&raquo; hover_enabled=&raquo;0&#8243; text_font_size_tablet=&raquo;30px&raquo; text_font_size_phone=&raquo;20px&raquo; text_font_size_last_edited=&raquo;on|phone&raquo; border_radii=&raquo;on|600px|600px|600px|600px&raquo; border_color_all=&raquo;#D19000&#8243; global_colors_info=&raquo;{}&raquo; sticky_enabled=&raquo;0&#8243;]<\/p>\n<p style=\"text-align: center;\"><strong>Varig Tilrettelagt Arbeid<\/strong><\/p>\n<p style=\"text-align: center;\"><strong>VTA<\/strong><\/p>\n<p>[\/et_pb_text][\/et_pb_column][et_pb_column type=&raquo;1_2&#8243; _builder_version=&raquo;4.25.2&#8243; _module_preset=&raquo;default&raquo; global_colors_info=&raquo;{}&raquo;][et_pb_text _builder_version=&raquo;4.27.6&#8243; _dynamic_attributes=&raquo;link_option_url&raquo; _module_preset=&raquo;default&raquo; text_font=&raquo;|300|||||||&raquo; text_text_color=&raquo;#FFFFFF&raquo; text_font_size=&raquo;30px&raquo; text_line_height=&raquo;0.4em&raquo; background_color=&raquo;#201547&#8243; text_orientation=&raquo;center&raquo; custom_margin=&raquo;3%|11%|3%|11%|true|true&raquo; custom_margin_tablet=&raquo;|14%||14%|true|true&raquo; custom_margin_phone=&raquo;|14%||14%|true|true&raquo; custom_margin_last_edited=&raquo;on|tablet&raquo; custom_padding=&raquo;34%|0%|34%|0%|true|true&raquo; custom_padding_tablet=&raquo;32%||32%||true|true&raquo; custom_padding_phone=&raquo;32%||32%||true|true&raquo; custom_padding_last_edited=&raquo;on|tablet&raquo; link_option_url=&raquo;@ET-DC@eyJkeW5hbWljIjp0cnVlLCJjb250ZW50IjoicG9zdF9saW5rX3VybF9wYWdlIiwic2V0dGluZ3MiOnsicG9zdF9pZCI6IjEwMjAifX0=@&raquo; hover_enabled=&raquo;0&#8243; text_font_size_tablet=&raquo;30px&raquo; text_font_size_phone=&raquo;20px&raquo; text_font_size_last_edited=&raquo;on|phone&raquo; border_radii=&raquo;on|600px|600px|600px|600px&raquo; border_color_all=&raquo;#D19000&#8243; global_colors_info=&raquo;{}&raquo; sticky_enabled=&raquo;0&#8243;]<\/p>\n<p style=\"text-align: center;\"><strong>M\u00f8llas Aktivitetssenter<\/strong><\/p>\n<p style=\"text-align: center;\"><strong>MAS<\/strong><\/p>\n<p>[\/et_pb_text][\/et_pb_column][\/et_pb_row][\/et_pb_section]<\/p>\n","protected":false},"excerpt":{"rendered":"<p>M\u00f8lla er en arbeids- og inkluderingsbedrift som leverer tjenester til NAV og Froland Kommune. Vi hjelper folk med \u00e5 komme i jobb og gir muligheter til \u00e5 delta i samfunnet gjennom arbeid og aktivitet. Vi fokuserer p\u00e5 oppgaver som gir utvikling, mestring og glede. V\u00e5rt m\u00e5l er \u00e5 finne varige l\u00f8sninger som fungerer godt b\u00e5de [&hellip;]<\/p>\n","protected":false},"author":1,"featured_media":0,"parent":0,"menu_order":0,"comment_status":"closed","ping_status":"closed","template":"","meta":{"_et_pb_use_builder":"on","_et_pb_old_content":"","_et_gb_content_width":"","footnotes":""},"class_list":["post-992","page","type-page","status-publish","hentry"],"_links":{"self":[{"href":"https:\/\/mollavekst.no\/index.php?rest_route=\/wp\/v2\/pages\/992","targetHints":{"allow":["GET"]}}],"collection":[{"href":"https:\/\/mollavekst.no\/index.php?rest_route=\/wp\/v2\/pages"}],"about":[{"href":"https:\/\/mollavekst.no\/index.php?rest_route=\/wp\/v2\/types\/page"}],"author":[{"embeddable":true,"href":"https:\/\/mollavekst.no\/index.php?rest_route=\/wp\/v2\/users\/1"}],"replies":[{"embeddable":true,"href":"https:\/\/mollavekst.no\/index.php?rest_route=%2Fwp%2Fv2%2Fcomments&post=992"}],"version-history":[{"count":23,"href":"https:\/\/mollavekst.no\/index.php?rest_route=\/wp\/v2\/pages\/992\/revisions"}],"predecessor-version":[{"id":1366,"href":"https:\/\/mollavekst.no\/index.php?rest_route=\/wp\/v2\/pages\/992\/revisions\/1366"}],"wp:attachment":[{"href":"https:\/\/mollavekst.no\/index.php?rest_route=%2Fwp%2Fv2%2Fmedia&parent=992"}],"curies":[{"name":"wp","href":"https:\/\/api.w.org\/{rel}","templated":true}]}}